hen i is divided by 2/(-6) + (-56)/(-6).
8
Suppose 45 = 7*l + 8*l. Let x(f) = 11*f + 2. Calculate the remainder when 348 is divided by x(l).
33
Let v(p) = 22*p**2 + 99*p - 1. Let r(x) = -89*x**2 - 394*x + 3. Let f(j) = 2*r(j) + 9*v(j). Calculate the remainder when f(-7) is divided by 20.
16
Let v(z) = -z**3 - 6*z**2 - z + 9. Suppose 16 = 4*m + 28. Let u be v(m). What is the remainder when 100 - (-5)/(u/(-9)) is divided by 13?
12
Let s(v) = -v**3 - 25*v**2 - 14*v + 26. What is the remainder when s(-27) is divided by 27?
26
Let j be 376/(-3)*(-6 - -9). Let g = -341 - j. Calculate the remainder when 174 is divided by g.
34
Suppose 0 = 69*d - 52280 - 98623. Calculate the remainder when d is divided by 155.
17
Suppose -4*s + 4 = j, -2*j - 9*s + 6*s + 8 = 0. Suppose -j*v - 227 + 1679 = -4*y, -1065 = -3*v - 3*y. Calculate the remainder when v is divided by 45.
44
Suppose 5*x - 6 = 9. Suppose -79 - 41 = x*u. What is the remainder when 76 is divided by (1 - (-95)/8) + (-5)/u?
11
Suppose 2*v - 15 + 1 = 0. Suppose 16*o + 10 - 90 = 0. Suppose 3*g = 3*h + 36 - 3, 0 = -o*g - h + 61. What is the remainder when g is divided by v?
5
Let t be (-6)/4*(-16)/12*1. Suppose t*v = -4*u + 584, 7*v - 277 = 6*v + u. Let l(n) = -n**2 - 14*n + 8. Calculate the remainder when v is divided by l(-7).
54
Let s(c) = 2*c**2 - 8*c - 2. Let b(u) = -u**3 + 8*u**2 + 16*u - 34. Calculate the remainder when s(13) is divided by b(3).
55
Let s = 5082 + -4892. What is the remainder when s is divided by 108?
82
Suppose -139 = 6*v - 379. Suppose 3*x + 2*d = -0*x - 14, -5*d + v = -5*x. Let l = 18 + x. What is the remainder when 21 is divided by l?
9
Let r be 4/(28/30359) - (-3 + 8). Suppose -r = -22*u - 328. Calculate the remainder when u is divided by 94.
88
Suppose -5*y = -70 - 735. Suppose 32*z + y = 39*z. Suppose 179 = 3*h + 4*b, 16 = -6*b + 2*b. Calculate the remainder when h is divided by z.
19
Let t(y) = y**2 - 10*y - 31. Let h = -79 - -92. Let p be t(h). Let c = p - 3. Calculate the remainder when 14 is divided by c.
4
Let i = -907 + 1306. Let u = -328 + i. Calculate the remainder when u is divided by 24.
23
Suppose 0 = 17*w - 1173 - 918. Suppose 15*x = 42 + w. Let i(s) = -s + 5. What is the remainder when x is divided by i(0)?
1
Let c = -10691 + 10843. What is the remainder when 1654 is divided by c?
134
What is the remainder when ((-14212)/(-57))/(3/9) is divided by 120?
28
Suppose -2*b - 5*k = 2*b - 24, -12 = -2*b - 4*k. Let u(r) = -r + 59. What is the remainder when u(12) is divided by b?
5
Let d = -525 + 562. Calculate the remainder when 159/(-1 - 5/(-2)) is divided by d.
32
Suppose 230*u - 52252 = -2*u - 7244. What is the remainder when u is divided by 69?
56
Let o(v) = -v**3 - 47*v**2 - 1063. Calculate the remainder when o(-48) is divided by 32.
25
Let u = 223 - 229. Let a(v) = v**2 + 14*v + 59. What is the remainder when 208 is divided by a(u)?
10
Let q = -124 + 182. What is the remainder when 5679 is divided by q?
53
Let y = 7922 + -5485. Calculate the remainder when y is divided by 23.
22
Let g(t) = -348*t - 44. Calculate the remainder when g(-3) is divided by 200.
0
Let p(z) be the first derivative of z**4/4 - z**3/3 + 2*z - 9. Let k be p(2). Calculate the remainder when (-1162)/(-21)*k/4 is divided by 21.
20
Suppose q - 3*f - 206 = 0, 3*f + 789 = 4*q - 2*f. Calculate the remainder when q is divided by 15.
11
Let x(b) = -b**2 - 151*b - 2714. What is the remainder when 839 is divided by x(-130)?
7
Let u = -361 + 329. Let t = u - -168. Calculate the remainder when t is divided by 37.
25
Suppose -k = -5*l - 20, 3*k - 2 = -2*l + 7. Suppose 3*c + 2*t = 979, 51*c + 1352 = 55*c - 4*t. Calculate the remainder when c is divided by k.
1
Suppose 5*q + 3*k = 423, -q = 42*k - 43*k - 91. Calculate the remainder when 7567 is divided by q.
85
Let d be (598/(-8))/(-13) + 3/12. Suppose -115 - 89 = -d*s. What is the remainder when 135 is divided by s?
33
Suppose -11*t - 2*m = -15*t + 1092, -3*t + 819 = 5*m. Calculate the remainder when t is divided by 50 - (-1 - -1) - (10 + -6).
43
Suppose -241 = 96*d - 47*d - 5141. What is the remainder when d is divided by 6?
4
Suppose -89*z + 488647 - 132102 = -28*z. What is the remainder when z is divided by 37?
36
Suppose 21*j - 16*j + 4*x - 510 = 0, -2*x = -5*j + 480. Let a(b) = 18*b - 4. Calculate the remainder when j is divided by a(3).
48
Let c be 1 + (-6 - (-1 - -2 - 3)). Let y = c + 7. Suppose -y*b + 357 = 3*b. What is the remainder when 149 is divided by b?
47
Suppose v - 2*u - 333 - 194 = 0, -527 = -v + 5*u. What is the remainder when v is divided by 8?
7
Let y(d) = -3*d - 18. Suppose -10 = m + 4*s - s, -m - 2*s - 8 = 0. Let x be -3*m*(-2)/3. Calculate the remainder when 27 is divided by y(x).
3
Let m = 2157 + -2143. Calculate the remainder when 825 is divided by m.
13
Let x(d) = 7*d**2 - 1. Suppose -5*n = -97 + 22. Suppose 5*w = n + 10. What is the remainder when x(1) is divided by w?
1
Suppose -6*l - 4*l = 10. Let z be -57 + (l - (-2 + 5 - 2)). Let v = -49 - z. What is the remainder when 27 is divided by v?
7
Suppose 3*i = a - 3, -14 = -4*a + 5*i - 2. What is the remainder when a/((-3)/(-4)) - (-62 - 2) is divided by 24?
20
Let m = 108 - 4. Suppose 4*x + 0*x = m. What is the remainder when x is divided by (-2 - 9 - -13)*((-35)/(-10) - (-10)/20)?
2
Suppose 74468 + 51015 = 116*s - 51417. What is the remainder when s is divided by 30?
25
What is the remainder when 6*(-12)/18 - (-402)/(-12)*-4 is divided by 61?
8
Suppose -2002 = -3*i + v, 0 = -4*i + v + 2599 + 70. Let b = -625 + i. Calculate the remainder when 153 is divided by b.
27
Let n = 590 - 582. Let y(b) = -19*b**3 + b**2 - b - 1. Suppose 4*a + 7 = 3. What is the remainder when y(a) is divided by n?
4
Let t be ((120/18)/(-10))/(2/15). What is the remainder when (6*(-1)/t)/((-42)/(-7700)) is divided by 56?
52
What is the remainder when 129 is divided by (9 - 0)*(-14 + -4*(-144)/27)?
63
Let t = -414 - -1218. Let k = -232 + t. Calculate the remainder when k is divided by 23.
20
Suppose 166663 = 88*k - 44929 + 50464. What is the remainder when k is divided by 80?
71
Let w(d) = -d**3 + 24*d**2 - 21*d + 28. Let s be w(24). Let v = -327 - s. What is the remainder when v is divided by 10?
9
Calculate the remainder when ((-2)/(-4))/((-96161)/32058 - -3) is divided by 434.
365
Let x = 54 - 42. Let m be 2 + x + (-1 - 3). What is the remainder when 17 is divided by (-6)/(-2)*(3 - m/15)?
3
Suppose -j = -3*g - 38, 1 = -3*g + 4*j - 25. Let a = 131 + -118. Calculate the remainder when a is divided by (g/(-6))/(5/15).
6
Let l(u) = -u**3 + 7*u**2 - 4*u - 4. Let r be l(6). Suppose -13*s + 15*s = -r. What is the remainder when (-6)/s*(-1400)/(-30) is divided by 22?
4
Suppose 5*w - 2*a + 1279 = 7134, -5*w + 5825 = 4*a. Calculate the remainder when w is divided by 69.
65
Suppose 3*r = 4*s + 48, 5*r = -4*s - 68 + 20. Let c be s/(-9) + (-3)/9. Calculate the remainder when 19 is divided by 11 + (-1 - c - 2).
5
Let n = -5019 + 5137. Calculate the remainder when n is divided by 19.
4
Let h(k) = 2*k**3 + 22*k**2 - 7*k + 178. Calculate the remainder when 1292 is divided by h(-11).
17
Let u be (3/8*-4)/((-3)/(-724)). What is the remainder when 1258 is divided by (-2)/10 + u/(-10)?
34
Let w be 6/18 + (-1)/3. Suppose 6*t - 12 = -w*t. Suppose 0 = -t*i + 6*i - 128. Calculate the remainder when i is divided by 11.
10
Suppose 2*p + 4*y = 3*p - 13, -2*y = 0. Calculate the remainder when 12663/81 - (592/48 - 11) is divided by p.
12
Let n(t) = -t**3 + 10*t**2 - 5. Let r = 12 - 2. Let x be n(r). Let y(v) = 2*v**2 + 5*v + 12. Calculate the remainder when y(x) is divided by 8.
5
Let k(u) = -590*u + 4737. What is the remainder when 123 is divided by k(8)?
4
Let o be (4 - 4) + 4 + -1 + -1. Calculate the remainder when 190 is divided by o + 43/(-4)*12/(-3).
10
Suppose 17 = 3*w - 64. What is the remainder when (-5)/(4761/(-1179) - -4) is divided by w?
23
Suppose 5*m - 4*z + 0*z - 238 = 0, m - z - 47 = 0. Suppose -m*k + 988 = -24*k. Calculate the remainder when 188 is divided by k.
36
Let j(z) = -z**3 - 10*z**2 - 23*z - 1. Let v be j(-4). Calculate the remainder when ((-67)/4)/(v + 190/40) is divided by 23.
21
Let l be 3 + -2 - 40/(-2). Calculate the remainder when (2/(-4))/(l/(-7056)) is divided by 54.
6
Suppose 44636 = -57*h + 